*3 - 4*m**2 - 5*m - 3. Suppose 81*l + 151*l - 186*l - 276 = 0. Calculate v(l).
39
Let w(d) be the first derivative of -d**2/2 + 16*d - 9264. Determine w(14).
2
Let q(p) = -p**3 - 19*p**2 - 18*p. Let l be q(-18). Let w be (-6)/21 - 27/(-21). Let x(j) = -41*j + 42*j + w + l. Calculate x(-1).
0
Let b be (-63)/(-30) + 3/(-30). Let t(a) be the second derivative of a**4/12 - a**3/3 - a**2/2 + 14*a. Determine t(b).
-1
Let q(l) = 116*l + 151*l - 264*l - 26. What is q(-9)?
-53
Suppose 5*z + 21 - 1 = 0, 4*z = 3*n - 0*n - 43. Let u(a) = a**2 - 7*a + 9 + 4 - 2. Give u(n).
29
Let b(j) = -11*j - 2. Let z(k) = -4*k + 3. Let p be z(-3). Suppose 0*r = -r + 3*l - p, -l = -2. Let f be (-1)/5 + r/5. Calculate b(f).
20
Let h(t) be the third derivative of -11*t**4/12 - 109*t**3/3 + 2*t**2 - 2*t - 322. Calculate h(-9).
-20
Let r(f) = f + 2. Suppose -141 = -2*g + 3*q, -2*q + 254 = 3*g + 2*q. Suppose g = -16*w - 66. Determine r(w).
-7
Let t = -213 - -185. Let l be 2/7 - (-36)/t. Let f(a) = -2*a. Determine f(l).
2
Let a = 1354 + -1350. Let x(p) = -4*p**2 + 3*p + 1. What is x(a)?
-51
Suppose 3*h = 5*r - 50 - 58, -2*h = 3*r + 53. Let v = h + 73. Let t = v + -49. Let z(w) = -w**3 - 6*w**2 + 8*w + 2. What is z(t)?
-5
Suppose 39*a - 2*a = -6*a - 4*a. Let i(m) be the third derivative of 0 + 5/24*m**4 + 17*m**2 + 0*m**3 + a*m - 1/60*m**5. What is i(3)?
6
Let p(f) = -f**3 + 11*f**2 + 46*f - 26. Let l be p(14). Let d(q) = -q + l - 14 - 9. Determine d(5).
2
Let l(w) = w**3 - 7*w**2 - 10. Let t(o) = o**3 - 6*o**2 - 7*o - 12. Let i be t(7). Let n be i/(-66) - 225/(-33). What is l(n)?
-10
Let r(s) = 3*s**2 + s + 3. Let g(a) = 7*a - 7 + 18*a - 10*a**2 - 25*a - 3 - 2*a. Let l(y) = y - 3. Let v be l(5). Let h(o) = v*g(o) + 7*r(o). What is h(-2)?
-1
Suppose 19*s - 239 = -144. Let j(q) = -108*q**3 + 58*q**3 - 4*q + s - 4*q**2 + 51*q**3. Give j(5).
10
Let o(m) = 26*m + 14. Let g(u) = 23*u + 13. Let r(p) = 9*g(p) - 8*o(p). Calculate r(-15).
20
Suppose 4*r = -r - 10. Let c(t) = 610*t**3 + 2*t**2 + t + 9. Let h(q) = 87*q**3 + 1. Let v(k) = c(k) - 7*h(k). What is v(r)?
0
Let h(g) = -g**2 + 19*g - 18. Let j be h(18). Let k(x) = x**3 - 5*x + 9. Let r be k(j). Let i(o) = 15*o - 2*o**3 + r*o - 25*o + 1. Calculate i(1).
-2
Let w(r) be the first derivative of -r**5/120 - r**4/24 - 5*r**3/3 - 3*r**2/2 - 92. Let z(j) be the third derivative of w(j). Calculate z(6).
-7
Let u(k) be the first derivative of k**5/60 + 3*k**4/8 - 11*k**3/6 - 52*k**2 - 83. Let y(h) be the second derivative of u(h). Calculate y(-11).
11
Let w(s) = 27*s. Suppose 7*i + 264 - 250 = 0. Calculate w(i).
-54
Suppose 3*p - 6 = -2*b, 4*b + 10*p - 5*p - 8 = 0. Let k(j) = -19*j - 35. Give k(b).
22
Let m be (-5 + (-114)/3)*1*15. Let c be 3 + m/(-12) + 2/8. Let t(a) = -4*a**2 - 3*a**2 - 56*a - a**2 + c*a. Give t(1).
-7
Let d(x) be the second derivative of -x**5/20 + 2*x**4/3 - 2*x**3 - x**2/2 - 3137*x. What is d(7)?
-36
Let g(o) = o**3 + 3*o**2 + o + 4. Let v = -880 - -205. Let t = 672 + v. Determine g(t).
1
Let c = -47 + 16. Let s = c + 33. Let a(j) = s*j**2 - 4*j**2 + 3*j - 7 + 4 - j**3 + 4. Give a(-3).
1
Let n(k) = 1 - 131*k + 262*k - 130*k. Let u = -15 + 10. Let c(g) = -2*g - 3. Let a(p) = u*n(p) - 2*c(p). What is a(4)?
-3
Suppose 25 = -14*x + 9*x. Let u(g) = -122*g**3 - g**2 - 15*g - 21. Let f(h) = -43*h**3 - 5*h - 7. Let j(t) = 17*f(t) - 6*u(t). What is j(x)?
7
Let y(s) = -2*s**2 - 15*s**3 - 14*s**3 - 11*s**3 + 0 + 2 - 4*s + 41*s**3. Let v(j) = j + 7. Let m be v(-3). Determine y(m).
18
Let n be 126/364 + 8/52. Let s(l) be the second derivative of 7/2*l**2 + 0*l**3 - 1/20*l**5 - 21*l - n*l**4 + 0. Calculate s(-6).
7
Let s = 104 - 102. Suppose 0*a = -s*a + 5*c - 22, 5*c - 20 = 0. Let p(b) = 7*b. Give p(a).
-7
Suppose -4*b - v = v - 8, 5*v - 8 = -4*b. Suppose 5*k - 8 = g, 3*g + 4 = 4*k + b. Let p(t) = -t**3 + 6 + 0*t**3 - 3*t**2 + 2*t - 2*t**3 + g*t**3. What is p(-4)?
14
Suppose 0 = -56*a + 55*a - 10. Let r be (-2)/a - (-7 - (-84)/20). Let q(w) = w + 5. What is q(r)?
8
Let t(u) = 2*u**3 + 7*u - u**3 - 7*u**2 + u**2. Suppose m = -3*b - 0*b + 1517, 2*m - 3038 = -4*b. Let l = m - 1518. What is t(l)?
10
Let b = -18555 + 18523. Let j(h) = 14*h + 456. What is j(b)?
8
Let j(n) = -8*n. Let q be ((23 - 15) + -343)/(1 - 0). Let m = 336 + q. What is j(m)?
-8
Let r(n) = -n**3 + n**2 - n - 3. Suppose -2*y - 22 = -26. Suppose -u = -5 + 1. Suppose u*w + y*w - 4*w = 0. Calculate r(w).
-3
Let z(c) be the second derivative of c**4/12 + 7*c**3/6 + 3*c**2/2 - 8*c + 509. Suppose -10 - 18 = -4*f. Let a = f + -12. What is z(a)?
-7
Let y(j) = -3*j - 2*j + 301*j**2 - 297*j**2 + 10 - j**3 - j. Give y(4).
-14
Let f(u) = -u**3 - 3*u**2 - u - 8. Let t(c) = -c**3 - c**2 - 2*c - 7. Let d(k) = 3*f(k) - 4*t(k). Let r = 2 - -2. What is d(r)?
8
Let v(p) = -3*p + 25. Let l be v(9). Let x be (-99)/27*6/l. Let i(w) = 2 - 2 - x + 3*w + 4 + w**2. Determine i(-6).
11
Let g be (-45)/(-30) + 2/(-4). Suppose -3*m + g = 7. Let w(v) be the third derivative of -v**5/60 - v**4/12 - v**3/2 - 5*v**2. Give w(m).
-3
Let s(b) = 14*b + 29. Let v(n) be the second derivative of -5*n**3/6 - 5*n**2 + 8*n + 1. Let r(c) = 3*s(c) + 8*v(c). What is r(-10)?
-13
Let p(r) = -16*r + 117. Let d(v) = 22*v - 176. Let m(n) = -7*d(n) - 10*p(n). Calculate m(5).
92
Let s(h) = -51*h**2. Let d(l) = 152*l**2 + 4*l - 4. Let o(b) = d(b) + 3*s(b). Let w = 12 - 8. What is o(w)?
-4
Let n = -650 - -648. Let r(x) be the third derivative of x**6/120 + x**5/15 + x**4/8 + x**3/6 + 2*x**2 - 28*x. What is r(n)?
3
Let p(s) = -5*s + 2. Suppose -10*a + 25 - 45 = 0. Let o(i) = -7*i + 3. Let v(n) = a*o(n) + 3*p(n). What is v(7)?
-7
Let l(p) be the third derivative of 23*p**5/60 + p**4/12 - p**3/3 + 37*p**2 - 5*p. Determine l(1).
23
Suppose -w - p + 24 = 3*p, -4*w + 2*p + 168 = 0. Suppose w*q - 27*q + 52 = 0. Let f(h) = h**2 + 5*h + 3. Give f(q).
-1
Suppose 6*i = -81*i - 869 + 2435. Let m(r) = 4*r - 20. What is m(i)?
52
Let n(x) = x**3 + 6*x**2 - 20*x - 28. Let r = -2777 + 2769. Calculate n(r).
4
Suppose -g - 11 = 12. Let h = -25 - g. Let j be (h/4)/((-3)/(-24)). Let z(p) = p**2 + 5*p. Determine z(j).
-4
Let i(n) be the second derivative of -n**4/4 + 13*n**3/2 - 5*n**2/2 - 349*n. Give i(13).
-5
Let d(i) be the second derivative of -4*i + 7/2*i**2 + 5/6*i**4 - 5/3*i**3 + 3 - 1/20*i**5. Determine d(9).
-2
Let r(i) = i**3 - 5*i**2 + 2*i + 18. Suppose 175*a - 75 = 160*a. Calculate r(a).
28
Let z = -183 + 201. Let f(y) = -z*y - 18 + 11*y + 5*y. Give f(-12).
6
Let j(g) be the second derivative of 3*g**3/2 - 47*g**2 - 16*g + 7. Let w be j(10). Let b(h) = 6*h + 16. Determine b(w).
-8
Let s(c) = 2*c - 6*c**2 - 5*c**2 + 13*c**2 - 8 - 10. Determine s(3).
6
Let x(g) = -g**2 + 21*g - 18. Let c be x(20). Suppose 2*r = -c*r + 3*r. Let h(b) = -b**2 - b - 5. What is h(r)?
-5
Let k be (6 + 1)*88/22. Suppose 0 = -l - l. Let v(z) = l*z + z - 29*z**3 + k*z**3 + 3 - z**2. Determine v(0).
3
Suppose 4*j - 7*m = -4*m + 16, 5*j - 2*m - 20 = 0. Let r be (0 + 1)*12/(-6) + j. Let t(k) = 7*k - 1. What is t(r)?
13
Let m be (-53)/(-4) + (-42)/70 + (-14)/(-40). Let s(t) = -t + 9. Calculate s(m).
-4
Let w(b) be the first derivative of -b**6/120 - b**5/10 - b**4/3 - 13*b**3/6 + b**2/2 + 54*b - 39. Let p(u) be the second derivative of w(u). What is p(-5)?
2
Let z(q) = -6*q**2 + 234 - 3*q**2 - 8*q - 26 + 2*q**2 - q**3 - 212. What is z(-1)?
-2
Suppose 3*b - 19*a = -17*a + 1863, -2*a - 3109 = -5*b. Suppose 735 = 14*x + b. Let i(u) = -2*u + 9. What is i(x)?
-7
Let a = -8 + 44. Suppose 3*l - a = -3*t - l, -5*t = -4*l - 28. Suppose 2*w + 4 = t. Let k(m) = -2*m + 2. Give k(w).
-2
Let m(x) = 5*x**3 - x + 12. Let s(g) = -6*g**3 + g**2 + 2*g - 14. Let w(p) = 5*m(p) + 4*s(p). What is w(-4)?
-8
Let o be (-353 - -4)*3/(9/(-3)). Let q = -328 + o. Let m(b) = -b**2 + 22*b - 26. Determine m(q).
-5
Let h(w) = -17 + 809*w - 400*w + 2*w**2 - 401*w - 3*w**2. Calculate h(4).
-1
Let j(s) be the third derivative of -s**6/120 + 7*s**5/30 + 13*s**4/24 + 35*s**3/6 - 2*s**2 + 66*s - 10. Give j(15).
5
Suppose -3*g - 3*c + 75 = -0*g, -4*c + 124 = 5*g. Let p(y) = -2*y - 9 - g + 63 - 9. Calculate p(9).
3
Let b(n) = -n**3 + n**2 - 4. Let w(v) = v**3 + v**2 + 2*v - 2. Let l be w(1). Suppose -l*r = -12*r + 30. Determine b(r).
-22
Let m(s) = -3*s + 35. Let a be 2*(-1)/((-12)/(-40))*3. Let c 